 composite?
True
Is 232539451 a composite number?
True
Is 21600851 a composite number?
True
Is 3971299 a prime number?
True
Is 3150401 prime?
False
Is 9678737 prime?
True
Is 13355837 a composite number?
True
Is 4567481 a prime number?
True
Is 485509 composite?
False
Is 3861041 composite?
False
Is 202174001 a composite number?
False
Is 190226201 prime?
False
Is 3496081 a composite number?
False
Is 1832197 a prime number?
True
Is 16611622 prime?
False
Is 11473171 composite?
False
Is 34120301 a composite number?
True
Is 1324406 a prime number?
False
Is 2280491 a prime number?
False
Is 111577 composite?
False
Is 78136453 prime?
True
Is 591059 prime?
False
Is 4333727 composite?
True
Is 96823253 composite?
True
Is 1764827 prime?
False
Is 60852577 a composite number?
True
Is 6709049 prime?
True
Is 38362145 a prime number?
False
Is 192099437 a prime number?
True
Is 1769981 composite?
False
Is 7264837 a prime number?
False
Is 6262999 composite?
True
Is 1622713 a prime number?
False
Is 66757619 a prime number?
True
Is 32450101 a composite number?
True
Is 12378673 composite?
False
Is 47550707 a composite number?
True
Is 1870007 prime?
False
Is 153951197 composite?
False
Is 668141 a prime number?
True
Is 5721731 prime?
False
Is 760791517 composite?
True
Is 18459479 a composite number?
False
Is 375427571 a prime number?
True
Is 144799649 prime?
True
Is 1097709 composite?
True
Is 282250391 composite?
False
Is 687440887 a prime number?
False
Is 25846393 a prime number?
False
Is 723347 a prime number?
False
Is 7689907 prime?
False
Is 3669971 prime?
False
Is 30666109 a composite number?
False
Is 5855453 a prime number?
False
Is 296582881 a composite number?
True
Is 17150411 prime?
True
Is 1506821 a prime number?
False
Is 8232857 prime?
True
Is 80141053 a prime number?
False
Is 9969193 prime?
False
Is 7152713 composite?
True
Is 2744773 a prime number?
True
Is 7425993 a composite number?
True
Is 553559 prime?
False
Is 50825111 a composite number?
False
Is 73772323 prime?
True
Is 6076258 a composite number?
True
Is 401560085 a prime number?
False
Is 47229701 composite?
True
Is 3241089431 a composite number?
False
Is 655379 a prime number?
True
Is 2711897 a composite number?
True
Is 152247289 a composite number?
False
Is 246769 a composite number?
False
Is 15769399 a composite number?
False
Is 214433 a prime number?
True
Is 149466437 prime?
True
Is 162084085 a composite number?
True
Is 15526166 a prime number?
False
Is 88126039 composite?
False
Is 4816619 prime?
True
Is 313969 composite?
False
Is 12012347 composite?
True
Is 39953 prime?
True
Is 4009762 a prime number?
False
Is 384726973 a composite number?
False
Is 7583431 composite?
False
Is 342728879 composite?
True
Is 50047213 prime?
True
Is 67901473 a prime number?
True
Is 8031517 a prime number?
False
Is 596059259 composite?
False
Is 9177898 a composite number?
True
Is 312909199 prime?
False
Is 178371407 prime?
False
Is 6086057 a composite number?
False
Is 10606081 a composite number?
False
Is 38302427 composite?
False
Is 20473819 a prime number?
False
Is 10012103 a prime number?
False
Is 14751997 a composite number?
True
Is 535535839 composite?
False
Is 256426733 a composite number?
True
Is 2803937 composite?
False
Is 725817 prime?
False
Is 440217223 composite?
False
Is 69499019 a composite number?
True
Is 10282253 composite?
True
Is 49604353 composite?
True
Is 11439569 composite?
True
Is 104088037 prime?
True
Is 227428793 a prime number?
True
Is 2822167 a prime number?
False
Is 220802369 a prime number?
False
Is 527972221 a composite number?
True
Is 1049989 prime?
False
Is 137392027 a prime number?
True
Is 4819441 prime?
False
Is 2946961 a composite number?
False
Is 5556219 prime?
False
Is 295753 composite?
True
Is 69459451 prime?
False
Is 3040889 composite?
False
Is 9737159 composite?
False
Is 165386359 a prime number?
True
Is 40317379 composite?
False
Is 19892779 a prime number?
True
Is 6360571 prime?
False
Is 705222949 prime?
True
Is 155182871 prime?
True
Is 37738229 a prime number?
False
Is 14554297 a prime number?
False
Is 825661 composite?
False
Is 7690019 a prime number?
False
Is 57283705 a composite number?
True
Is 123787 prime?
True
Is 25145539 composite?
False
Is 21911417 prime?
False
Is 2858885 a composite number?
True
Is 219487117 a composite number?
False
Is 1277197 a composite number?
False
Is 59195783 composite?
False
Is 1100380817 composite?
False
Is 4615601 a prime number?
True
Is 182887 a prime number?
True
Is 903017 a prime number?
True
Is 13451861 a composite number?
True
Is 281468513 prime?
True
Is 4005046 composite?
True
Is 491953519 a prime number?
True
Is 516855539 a composite number?
True
Is 25351323 a prime number?
False
Is 89378579 composite?
False
Is 2209901 prime?
True
Is 60818327 a composite number?
False
Is 4055021 composite?
False
Is 178173511 composite?
True
Is 2719883 prime?
True
Is 15814673 composite?
True
Is 7940747 prime?
True
Is 3066493 composite?
False
Is 6285737 a prime number?
True
Is 1433461 composite?
True
Is 396379619 a prime number?
True
Is 22006711 a composite number?
False
Is 205072733 a composite number?
True
Is 12219157 composite?
False
Is 25776121 a prime number?
False
Is 2643995 a composite number?
True
Is 757286791 composite?
False
Is 15975914 prime?
False
Is 114407 composite?
False
Is 1376233 a composite number?
True
Is 379837 prime?
True
Is 3368161 a prime number?
False
Is 5756789 composite?
False
Is 164034067 composite?
False
Is 861221 a prime number?
True
Is 736333303 prime?
True
Is 8274542 prime?
False
Is 3736363 a prime number?
False
Is 2283493 prime?
True
Is 15356333 a prime number?
False
Is 342145165 a prime number?
False
Is 192624121 a prime number?
True
Is 2831947 composite?
False
Is 43339823 composite?
True
Is 29245451 a prime number?
True
Is 297707255 a composite number?
True
Is 129383 prime?
False
Is 14652023 prime?
True
Is 84287671 composite?
True
Is 14713051 a composite number?
False
Is 8317069 a composite number?
False
Is 42961829 prime?
True
Is 13684177 prime?
False
Is 131020177 prime?
True
Is 63305597 a prime number?
True
Is 2098321 prime?
True
Is 2111569 a prime number?
False
Is 651353 a composite number?
True
Is 243000007 composite?
False
Is 391848958 a prime number?
False
Is 5029861 prime?
False
Is 42596131 a prime number?
True
Is 301825099 composite?
False
Is 700871 prime?
True
Is 6398507 prime?
False
Is 8028409 a composite number?
True
Is 37889507 prime?
True
Is 912072778 prime?
False
Is 4582511 composite?
True
Is 1625397 prime?
False
Is 215822561 prime?
True
Is 406309 composite?
False
Is 55085995 a prime number?
False
Is 1956833 a prime number?
False
Is 198171497 a prime number?
False
Is 45614 prime?
False
Is 154729601 a prime number?
False
Is 1129088657 prime?
True
Is 194977 a composite number?
False
Is 18904679 a prime number?
True
Is 72680383 a composite number?
True
Is 403913 composite?
True
Is 4052701 prime?
True
Is 151681741 composite?
False
Is 461777053 composite?
False
Is 215773247 a prime number?
True
Is 2754571 prime?
False
Is 396152539 prime?
True
Is 1110347 composite?
True
Is 39144307 prime?
True
Is 10882715 composite?
True
Is 17183729 composite?
False
Is 22455803 a composite number?
True
Is 5955091 a composite number?
True
Is 7705679 a prime number?
True
Is 58717655 composite?
True
Is 765803 a prime number?
False
Is 3209419 a composite number?
False
Is 19377835 prime?
False
Is 6326869 composite?
False
Is 115227557 a prime number?
True
Is 269400917 a composite number?
False
Is 860843 a prime number?
True
Is 16789501 prime?
True
Is 56626303 a prime number?
False
Is 272658679 a prime number?
True
Is 115771367 a prime number?
False
Is 18364001 a prime number?
True
Is 11111117 composite?
False
Is 3360983 composite?
False
Is 5719871 a composite number?
True
Is 253079621 a composite number?
True
Is 1900483 composite?
True
Is 28118095 prime?
False
Is 98856883 a composite number?
False
Is 46548539 a prime number?
False
Is 100871833 composite?
True
Is 4549469 prime?
False
Is 1173185315 composite?
True
Is 11158237 composite?
False
Is 273783586 composite?
True
Is 136691 a composite number?
False
Is 14262431 a composite number?
False
Is 2122321 a composite number?
False
Is 224821291 composite?
True
Is 1664503 a composite number